100*n - 2128. Let c(w) = w**3 - 3*w**2 - 9*w + 5. What is c(n)?
-15
Suppose 22 = -3*s - 71. Let u = s - -36. Suppose 5*k + 0*m = 4*m - 21, 5 = -2*k + u*m. Let o(f) = f**3 + 5*f**2 - 4*f - 3. Give o(k).
17
Let v(s) = s - 7. Let y be (-23)/46*(1 - 1). Let n be (y + 14)/(10 + -8). Determine v(n).
0
Let y be (1 + -2)*-7 + 42 + 2 + -36. Let h(s) = -s**3 + 16*s**2 - 5*s + 10. What is h(y)?
160
Let l(t) be the third derivative of 0 + 0*t + 15*t**2 + 1/60*t**5 - 5/24*t**4 + 7/6*t**3. Give l(5).
7
Let b(p) = 2*p - 41. Let x = 34633 - 34610. Calculate b(x).
5
Let v(o) = 6*o**2 - 5*o + 4. Suppose 16 = 378*l + 16. What is v(l)?
4
Let l(x) = -47*x + 523. Let t = 4478 - 4467. Calculate l(t).
6
Let m(y) be the second derivative of -13*y**5/10 - y**4/12 + 17*y - 4. Suppose 0 = 4*k - 2*z + 10, 0 = -2*k - 6*z + 4*z + 4. Calculate m(k).
25
Let y(m) = m**3 - 8*m**2 + 9*m - 3. Suppose 5*h - 80 = 5*n, 2*n - 7*n - 2*h = 66. Let l be (-216)/(-28) + -2 + (-4)/n. What is y(l)?
-21
Let f(t) = -t**3 + t**2 + 6*t + 8. Let y = -2580 + 2577. Give f(y).
26
Let v(z) = 4*z**3 - 72*z**2 + z - 36. Let t be v(18). Let d(h) = h**2 + 17*h + 7. Give d(t).
25
Let q(n) = -4*n - 4. Let a(m) = -9*m - 9. Suppose 3*k - 2*k = 7. Let j(u) = k*q(u) - 3*a(u). Let o(p) = -p**2 + 10*p - 24. Let r be o(6). Determine j(r).
-1
Let n(h) = h**3 - 16*h**2 + 13*h + 21. Let p(x) = x**3 - 2*x**2 - 24*x - 6. Let a be p(9). Let l = a + -330. Calculate n(l).
-9
Let d = -10 + 10. Suppose 25*w - 28*w - 6 = d. Let r(c) = 3 + c**2 - 62*c + 35*c + 31*c. Calculate r(w).
-1
Let x(y) = -y**2 - 34*y - 93. Let m be (-372)/(-8)*(90/27 - 4). Determine x(m).
0
Let l(a) = 0 - 96*a**3 + 187*a**3 - 92*a**3 - a - 3*a**2 - 3. What is l(-2)?
-5
Let g be -4 - (-8)/2 - -3. Let u(p) = -g*p + 17*p - 12*p - 7. Let o be u(0). Let q(f) = -f**3 - 8*f**2 - 5*f. Determine q(o).
-14
Let z(x) be the third derivative of -x**4/8 + 34*x**3/3 - 5*x**2 + 9*x - 10. What is z(16)?
20
Let s(b) = 0*b + 4*b**2 + 0*b + 1. Let o be ((-42)/(-84))/(13/(-26)). What is s(o)?
5
Let y(i) = -i**3 + 14*i**2 - 12*i - 18. Let m be 10/25 - 92/(-20). Suppose -38 - 15 = -m*k - 3*b, 3*k = -b + 35. Give y(k).
-5
Let k(d) be the first derivative of -d**4/4 + 14*d**3/3 - 23*d**2/2 - 11*d + 50. Let h be k(12). Let a(s) = -s**2 + s - 1. Determine a(h).
-1
Let l(j) = 2 + 2*j - 2*j + j. Let b(c) = -95*c - 2949. Let v be b(-31). What is l(v)?
-2
Let j(d) = -d**2 - 16*d + 35. Let s be (-272)/15 - ((-12)/18)/(6 + -1). Calculate j(s).
-1
Let o(g) = -g**3 + 6*g**2 - 7*g + 12. Let q be o(5). Let x(y) = 3*y**3 + 9*y**2 + y + 1. Let j(d) = -2*d**3 + d. Let p(m) = q*j(m) + x(m). Calculate p(9).
28
Let g(i) = 4*i + 27. Let s be g(-3). Let m = s + -20. Let v(d) = -d**3 - 6*d**2 - 4*d + 3. Calculate v(m).
-2
Let u(h) = -3*h - 19. Let d(j) = -j**3 - 4*j**2 - 6*j. Let f be d(-4). Suppose 3*m + 5*y + f = 0, 16 = -2*m - 11*y + 8*y. Calculate u(m).
5
Suppose -b = -58 + 28. Suppose -b = 5*p - 10*p. Let y(m) = 1 - p*m + 2*m - 6*m + m**2 + 7. Give y(6).
-16
Let y(u) = 3*u - 8. Let j(b) = -10*b + 27. Let h(n) = -n**3 + 8*n**2 - 14*n - 12. Let a be h(5). Let o(g) = a*y(g) - 2*j(g). What is o(-6)?
8
Let d(l) = -l**3 + 6*l**2 - 5*l - 7. Suppose 3*t - 13 = -1 + 6. Determine d(t).
-37
Let l(z) be the third derivative of -z**6/60 - z**5/4 - 5*z**4/6 - 8*z**3/3 + 3238*z**2 + 2*z. Calculate l(-6).
-4
Suppose 2*m + 22 = 3*m - 5*l, 2*m = 4*l + 26. Let u(i) = 2*i + 4*i**2 - m + 12 - 6. What is u(1)?
5
Let o(s) = 12*s - 48. Let k(l) = -144*l - 138. Let q be k(-1). What is o(q)?
24
Let c(v) = -v**2 + 1. Let k(s) = s**3 + 26*s**2 + 19*s + 3. Let y(f) = 6*c(f) + k(f). Suppose 16*p + 376 = 72. Determine y(p).
9
Let c(s) be the third derivative of 117*s**2 - 7/6*s**3 + 5/24*s**4 + 1/60*s**5 + 0 + 0*s. Give c(-7).
7
Let v(r) = -55 - 53 - 51 + 156 + 22*r. Determine v(1).
19
Let d(r) = -5*r**2 + 9*r + 11. Let z(a) = 2*a**2 + 4 + 3 - 8. Let m(b) = -d(b) - 3*z(b). What is m(-9)?
-8
Let d(k) = -k. Let a(f) = -f + 1. Let o(x) = a(x) - 4*d(x). Let s be 4/14*4/(12/21). Let w(b) = b. Let n(i) = s*o(i) - 7*w(i). Determine n(3).
-1
Let l = -1832 + 1835. Let k(s) = -2*s**2 + 3*s. What is k(l)?
-9
Let u(r) = -11*r - 42. Let i(k) = 6*k + 22. Let c(y) = 5*i(y) + 2*u(y). Let g(p) = 11*p + 39. Let t(a) = -7*c(a) + 5*g(a). What is t(0)?
13
Suppose 3*z + h = 1, -4*h - 27 = -3*z - 1. Let u(m) = -m**3 + 8*m**2 + m + 3. Let r(d) = -3*d**2 - 1. Let l(y) = z*u(y) + 5*r(y). Give l(-2).
17
Suppose 239 - 11368 = -31*x. Let q = -351 + x. Let h(a) = 2*a - 10. What is h(q)?
6
Let s = -8 - -10. Let n(v) = -v**2 - 17*v + 365. Let g be n(12). Let a(m) = -1 + g*m**2 - 2*m**2 + s - 2*m. Give a(1).
14
Let k(i) = 12*i**2 - 35*i - 341. Let t(p) = 11*p**2 + 3. Let v(q) = -k(q) + t(q). Give v(-8).
0
Let a(q) = -2*q**3 - 60*q**2 - 74*q - 191. Let r(x) = -3*x**3 - 90*x**2 - 110*x - 286. Let u(k) = -7*a(k) + 5*r(k). Calculate u(-29).
-6
Let b(f) = -5*f**2 - 6*f + 11*f + 3*f + 4*f**2. Suppose -18 = -5*r + 3*r. Give b(r).
-9
Let t(m) = -4*m + m - 6 + 14 + 24 + 1. What is t(8)?
9
Let t(g) = g**3 + 6*g**2 - 4*g - 30. Suppose 129*p + 159*p = 858 - 2298. What is t(p)?
15
Let a = -4694 - -4700. Let s(x) = x**3 - x**2 - 29*x - 8. Give s(a).
-2
Let d(x) = x**3 - 8*x**2 - 17*x - 24. Let i(j) = 10*j**3 - 508*j + 508. Let k be i(1). Calculate d(k).
6
Let z(n) be the third derivative of -n**4/8 - 25*n**3 - 2729*n**2. Give z(-49).
-3
Let z(i) = 251 + 210*i - 265 - 67*i - 73*i - 71*i. Calculate z(-5).
-9
Suppose -7*k = -3*o - 2*k - 110, 2*o - 2*k = -76. Let c be (o/(-15))/1*-3. Let w(v) = -2*v - 8. Let y(t) = -4*t - 17. Let n(f) = -5*w(f) + 2*y(f). What is n(c)?
-10
Let d(r) = -r + 1. Let v(w) = -w - 3. Let j = -105 + 110. Let b(i) = -i - 1. Let f(y) = j*b(y) - v(y). Let a(h) = -2*d(h) + f(h). What is a(6)?
-16
Let c(m) = -m**3 - 2. Let u be (3/(-6))/((-1)/(-72)*-2). Let b be 18/(-4)*((-8)/u)/1. Calculate c(b).
-10
Let q(c) = -17*c - 72. Let v = -29739 + 29734. Determine q(v).
13
Suppose -20 = -5*w, 2*z + 2*w + 22 = 6*w. Suppose -9*f + 6 = -6*f. Let d(b) = -3 - b + f + 0. Give d(z).
2
Let y = 852 - 853. Let h(b) = -151 + 151 - 13*b - 5*b. Determine h(y).
18
Let y = 39 + -35. Suppose t - 4*t + z = -77, 0 = -3*t - y*z + 52. Let k = 28 - t. Let b(h) = h - 8. Give b(k).
-4
Let p(q) be the first derivative of -q**4/12 + 7*q**3/6 - 3*q**2 - 93*q + 20. Let r(j) be the first derivative of p(j). Determine r(7).
-6
Let x(o) be the second derivative of 5*o**4/12 - 10*o**3/3 - 4*o**2 - 4674*o. Give x(3).
-23
Let m(u) = 44*u**2 + 42*u + 62. Let y(o) = -28*o**2 - 28*o - 42. Let w(d) = -5*m(d) - 8*y(d). Determine w(-4).
34
Let h(p) = -7*p + 3. Let v(x) = -13*x + 16. Let s(w) = 13*w - 18. Let l(n) = 4*s(n) + 5*v(n). Let u be l(-8). Let j = -110 + u. Determine h(j).
-11
Let r(h) = 27*h + 31. Let o be r(7). Let t be ((-528)/o)/(4/10). Let l(c) = c**3 + 6*c**2 + c - 3. Determine l(t).
-9
Suppose -22*v = 9*v - 1085. Let d(s) = -4*s - 37 - 3*s**2 + 4*s**2 - 4*s**2 + v. Determine d(-2).
-6
Let f(x) = -10*x - 262. Let c be f(-26). Let l(j) be the third derivative of j**5/60 - j**4/24 - 2*j**3/3 - j**2. What is l(c)?
2
Let i(r) = 2*r**2 + 3*r - 305. Let m(p) = 4*p**2 + 7*p - 686. Let a(k) = -9*i(k) + 4*m(k). Suppose 0*f = -5*f + 10. Calculate a(f).
-5
Let r(o) = -2*o**2 + 18*o - 53. Let f(u) = 6*u**2 - 38*u + 16. Let x be f(6). What is r(x)?
-13
Let j(h) = -h**2. Let z = -3722 + 3725. Calculate j(z).
-9
Let l(n) = -13*n - 28. Let o(c) = 7*c + 14. Let m(g) = -6*l(g) - 11*o(g). Suppose 11*y + 5*y = 44*y - 2*y. Calculate m(y).
14
Let p(b) be the second derivative of -b**4/12 - 4*b**3/3 - b**2/2 + 2*b + 132. Let n(l) = -2*l. Let m be n(3). Give p(m).
11
Let k(h) be the third derivative of h**6/120 - h**5/15 - 7*h**4/24 + 7*h**3/6 + 41*h**2 + 9*h. Let u = -12 + 17. Calculate k(u).
-3
Let o(f) = 2*f - 9. Let g = -2237 + 2243. Calculate o(g).
3
Let z(c) be the third derivative of -c**6/40 + c**4/8 + c**3/3 - 11*c**2 - 8*c - 1. Calculate z(-1).
2
Let w(u) = -2*u - 66. Let t be w(-33). Let z be (2 + 1)/((-15)/(-35)). Let n(k) = -4 + 4*k**3 - k**3 - z - 2*k**3. Calculate n(t).
-11
Suppose -59*i = 301 + 643. Let g(m) = -m**2 - 18*m - 37. Determine g(i).
-5
Let t(r) = -r**2 + 5*r - 16. Let a(f) = -2*f**2 + 11*f - 31. Let p(i) = -4*a(i) + 7*t(i). Let j be p(8). Let s(m) = 10*m - 3 - 3*m - j*m - 